 o be w*1*6/15. Suppose -40 = -0*u - o*u. Is u a composite number?
True
Let f(g) be the third derivative of g**5/60 - 5*g**4/24 - 2*g**3/3 + 2*g**2. Let r be f(6). Suppose r + 8 = m. Is m a prime number?
False
Let y(t) = 18*t. Let i(z) = z**2 + 11*z + 12. Let h be i(-10). Let g be y(h). Suppose -94 = -4*d + 3*m - 2*m, 2*d + 5*m - g = 0. Is d a composite number?
False
Suppose -2*d - 9 + 33 = 0. Is (111/2)/(d/16) composite?
True
Let v(x) = -69*x + 1. Is v(-2) a composite number?
False
Is 69991/6 - 1/6 prime?
False
Let a(g) = 2*g**2 - 4*g + 2. Let j be a(2). Suppose 84 = n - j*s + 3*s, n - 3*s - 104 = 0. Is n composite?
False
Let y(z) = z**2 - 7*z - 1. Let g be y(7). Let q = g - -5. Is (q/(-10))/(3/(-105)) a composite number?
True
Let z be (66 - 2)/2*1. Suppose -c = -5*b + 3 + 12, -4*c - 3*b + z = 0. Let q = c + 34. Is q composite?
True
Suppose 2*n - 1 = a - 3*n, -5*a - n = -21. Let i be (-6)/a - 143/(-2). Let d = 101 - i. Is d a prime number?
True
Let t be (5 + 5)*1/2. Let m(f) = 2*f**3 - 2*f**2 - 6*f + 7. Is m(t) prime?
False
Suppose 0 = -0*y - 2*y - 10. Is (-2)/5 - 277/y composite?
True
Let k = -521 - -1560. Is k a composite number?
False
Suppose 0 = 2*j - 2*q - 3*q - 85, 12 = 4*q. Let k = -4 - -2. Is j - ((-1 - k) + 0) prime?
False
Let g = -78 - -261. Let c = g - 106. Is c composite?
True
Suppose 0 = 3*l + l - 4080. Let z = l - 727. Is z composite?
False
Let l(k) = -k**2 - 17*k + 1. Suppose -5*f + 80 = 4*t, -2*f - 2*t + 32 = -0*t. Suppose f = -3*g - 17. Is l(g) prime?
True
Let u be 1/(-2) + (-17)/2. Let z = u - -13. Is 1/z + 22/8 a composite number?
False
Let m(z) be the first derivative of 2*z**3/3 - 2*z**2 + 7*z + 3. Let f be 2 - (-4)/((-4)/(-5)). Is m(f) a prime number?
False
Suppose -3*k + 3 = -2*k. Let x = 1 + k. Suppose -3*n = 3*z - 276, x*n = 5*z + 2*n - 495. Is z a composite number?
False
Let w(f) = 34*f - 3. Suppose 4*y - 10 = -2. Is w(y) a prime number?
False
Suppose -888 + 2566 = 2*o - 3*g, 5*o - 4195 = -2*g. Is o composite?
False
Is 5306 + 1 + -2 + (-1 - 1) composite?
False
Let o(b) = 747*b + 0 - 898*b - 1015*b + 3. Is o(-1) a composite number?
True
Suppose 3*s + 5*x - 12 = 0, s + x - 3 - 1 = 0. Suppose -s*g + 4 = -8. Is g/(-18) + (-554)/(-12) a composite number?
True
Let z(o) = -285*o - 19. Let u be z(-9). Is (-7)/(-21) + u/3 prime?
False
Is (-109)/(-3) - (-2)/3 prime?
True
Suppose 76 = 4*g + 2*c + 266, -4 = -4*c. Let r be (-2)/(-3)*-1*g. Let a = r + -10. Is a prime?
False
Let m be (-60)/(-8) + (-6)/4. Suppose 0*g - w = -g + 13, -m = 3*w. Is g composite?
False
Suppose -1420 = -5*y + k, -4*y - y + 4*k = -1405. Suppose -5*m + 1210 = -y. Is m a prime number?
False
Let n(t) = 96*t - 21. Is n(3) a prime number?
False
Suppose 4*c - 5*s = 9347, -3*c + 6996 = s - 0*s. Is c prime?
True
Suppose -k + 4*x = -4*k + 5329, -2*k = -x - 3560. Is k a prime number?
False
Is (44/8 - -4)*254 a composite number?
True
Let w be ((-2)/3)/((-12)/(-198)). Let m be (-54)/(-4)*(-4)/(-3). Let x = w + m. Is x prime?
True
Suppose 0 = v - 3 - 4. Suppose 4*a - 77 = v. Let f = 100 - a. Is f a composite number?
False
Suppose 3*p + 370 = 1597. Is p a composite number?
False
Is (5 + 725)*2/4 prime?
False
Suppose -8*q = -30067 + 6763. Is q a composite number?
True
Is 4740 + (-3 + 4)/1 composite?
True
Suppose -2*x + 2*t = -188, -5*x + 2*x + 288 = -t. Is x composite?
False
Suppose 4 = r - 1. Suppose 189 = 6*l - 63. Suppose 2*w - 5*f - l = -0*f, r*w - 5*f - 75 = 0. Is w composite?
False
Let f = -6 + 8. Suppose -6 = -4*d + 3*r, d = -0*r + f*r + 4. Suppose 2*y - p - 87 = y, -y + 2*p + 85 = d. Is y a prime number?
True
Suppose 4*b + 8 = -4*m, 0*b - 3*m = -5*b - 18. Let i = 5 + b. Suppose -y - i*y + 57 = 0. Is y a composite number?
False
Let b(q) = -17*q**3 - 2*q**2 - 1. Let h = 8 + -10. Is b(h) a composite number?
False
Let c = 3 - -2. Suppose -r - c*d + 126 = 0, -485 = -3*r - r - d. Is r a prime number?
False
Suppose 0*p = -d + 2*p + 33, 4*d = -3*p + 88. Let j = 42 + d. Is j a prime number?
True
Is 3*22/(-6)*-23 a composite number?
True
Let z = 3 - 8. Is z + 7 - (-1 - 4) prime?
True
Let v = 759 + -172. Is v prime?
True
Let c = 5401 - 1890. Is c a prime number?
True
Let o(n) be the third derivative of 3*n**4/4 - n**3/6 - n**2. Is o(4) a prime number?
True
Let l(a) = a + 358. Let h be 3 + (-2 + -7)/3. Let j be l(h). Suppose -3*w - 176 = -q, -2*w - 2*w - j = -2*q. Is q a prime number?
False
Is (3*(-4)/(-6))/((-8)/(-44)) a prime number?
True
Suppose -59*y = -58*y - 199. Is y a composite number?
False
Is 1284/8*(-12)/(-9) composite?
True
Let n = 6 - 27. Is (-816)/(-14) - (-6)/n prime?
False
Let b = 2234 - 775. Is b a prime number?
True
Is 3/(-2)*12980/(-30) a prime number?
False
Is (-4)/4 + 1437 - -3 a prime number?
True
Suppose 5*u = i + 245, 2*u + 3*i + 0*i = 115. Suppose -v + 2*a + u = 0, 2*a = -v + 3*a + 47. Suppose 0 = 5*j - 0*l - 3*l - 110, -2*j + v = 2*l. Is j prime?
False
Suppose 3*k - 4*n = 7*k - 8, 8 = -3*k + 4*n. Let z(l) = -15*l - 1. Let b be z(-1). Suppose -j + b = -k*j. Is j a prime number?
False
Suppose -4*s - 2*w = -51 + 9, -5*s + 57 = 4*w. Let k(t) = 3*t + 10. Is k(s) a prime number?
True
Let t = -299 - -1038. Is t a composite number?
False
Suppose 0 = -5*g + 2*g + 99. Let k = 176 - g. Is k a prime number?
False
Let v(a) = -5*a**3 + 2*a**2 + a + 1. Let i be v(-2). Let p = i - 15. Suppose 66 + p = 2*n. Is n prime?
False
Let z = 512 + -234. Is z composite?
True
Let s = 349 - -58. Is s composite?
True
Let o = -11169 + 19304. Is o prime?
False
Suppose 0 = 2*b - 3*l - 1042, -b - 10*l = -5*l - 521. Is b a prime number?
True
Let h be -1 + -40 + (-4)/(-4). Let q = 39 - h. Is q prime?
True
Suppose 5*i - 4961 = 4*w, i - 481 - 508 = 4*w. Is i prime?
False
Let b = 20 - 29. Let u(w) = 3*w**2 - 10*w - 10. Let m(o) = -2*o**2 + 10*o + 9. Let c(d) = -4*m(d) - 3*u(d). Is c(b) composite?
False
Suppose -y + 5*y = -3*p + 18, 0 = -p - y + 6. Suppose 2*d = 20 - p. Is d a composite number?
False
Let z(a) = 2*a**2 + a - 4. Let v be z(-2). Suppose l - 435 = -v*l. Is l composite?
True
Let x(p) = 20*p**3 + 3*p**2 - 3*p - 5. Is x(3) prime?
False
Suppose -4*c + 24 = 5*v - 2*v, 0 = c + 4*v - 6. Suppose 0*t = 3*t - c. Is 83*(6 - 3 - t) a composite number?
False
Suppose -y + 393 = 4*x, -1192 = 2*y - 5*y + x. Is y a prime number?
True
Let p(r) = 13*r**2 + 2. Is p(5) a prime number?
False
Let t be ((-30)/(-25))/(3/(-10)). Let r(s) = s**2 - 7*s - 4. Let z be r(5). Is (2/t)/(1/z) a composite number?
False
Let i = -23 - -70. Is i a prime number?
True
Let d(m) = -m**2 + 2. Let l be d(0). Suppose 0 = -s + 3*r + 158, s - r = -l*r + 146. Is s prime?
True
Suppose -5*f - 15 = -2*a - 574, f - 107 = -2*a. Suppose -4*m = 5*z - 149, f = 3*z - 6*m + 3*m. Is (1/(-3))/((-1)/z) composite?
False
Suppose -4*w + 3056 = -3*x, x - 3778 + 1473 = -3*w. Is w a composite number?
True
Let j(s) = s**2 + 3*s + 4. Let w be j(-3). Suppose m - w = 18. Is m prime?
False
Suppose 3*w = 2*w. Suppose w*j - 6 = -j. Is j composite?
True
Let l(r) = -5*r**2. Let i be l(-3). Let b = i + 68. Is b a composite number?
False
Suppose 0 = 4*b + 2*l - 112, 3*l - 38 = -2*b + 22. Let d = b - -4. Is d a prime number?
True
Is 184/(2/1) + -3 prime?
True
Let r(c) = c**3 + 8*c**2 + 5*c - 7. Let i be 1 + 2 + -11 + 2. Is r(i) a prime number?
False
Is 3/6 - 0 - (-2907)/2 prime?
False
Let h = 541 + -308. Is h composite?
False
Suppose 0 = 2*o - 239 - 1023. Is o composite?
False
Suppose 4*o = 2*o + 518. Is o composite?
True
Let p be (-3)/(-9) - 838/(-6). Suppose d + 5*i - 14 = 37, 4*i = -4*d + p. Suppose -o + d = -4. Is o prime?
False
Let t(s) = s + 16. Let n be t(-11). Suppose 4*u - 47 = -n*h + 16, -3*u = 2*h - 56. Is u composite?
True
Let s be 1/(-2) - (-2636)/8. Suppose -s - 24 = -5*j + 4*m, 4*j = -4*m + 268. Is j composite?
True
Let i = 2 - -31. Is i a composite number?
True
Let w be 12/2 - 2/2. Let j(u) = -u**2 + 5*u + 7. Is j(w) a composite number?
False
Let g(l) = l**2 + 89. Suppose -3*u = u. Is g(u) composite?
False
Let k be 10/(-4) - 12/(-8). Is -662*(1/2 + k) composite?
False
Suppose -2*i = -2*z - 2*z - 62, -z = 0. Is i a prime number?
True
Let t(u) = -75*u + 12. Is t(-9) prime?
False
Let s = 25 - 68. Let f = s + 74. Suppose k + 5 = 0, 2*d - f - 24 = k. Is d prime?
False
Suppose 0*c + 5*c - 4*r - 22 = 0, 0 = 3*c + r - 3. Suppose z + 5*d + c 